0
Suppose l + 24 = 5*l. Let b(d) = -2*d + 0*d**2 - d**2 - l*d + 4*d. What is b(-5)?
-5
Suppose -4*g - 4 = -4*x, -25*x + 3*g - 13 = -26*x. Let a(y) = -2*y**2 + 3*y - 1. Let n(m) = 4*m**2 - 7*m + 3. Let k(p) = 7*a(p) + 4*n(p). What is k(x)?
9
Let v(b) = -4*b**3 + 4*b**2 - 7*b + 2. Let g(y) = 3*y**3 - 5*y**2 + 6*y - 1. Let x(o) = -3*g(o) - 2*v(o). Let s be (70/(-60))/((-1)/6). Calculate x(s).
-29
Let b = 5 + -5. Let m(x) = -14*x**3 - 14*x**2 + 3*x - 29. Let q(p) = -5*p**3 - 5*p**2 + p - 10. Let n(l) = -6*m(l) + 17*q(l). Give n(b).
4
Let t(j) = j - 9. Let l be ((-36)/(-30))/(6/70). Determine t(l).
5
Let l(m) = -m**3 - 7*m**2 - 7*m - 3. Suppose p + 5 = 6*p. Let k be p - 12/3 - -21. Suppose -z - k = 2*z. Determine l(z).
3
Let j = 88 - 100. Let q(p) = -p**3 - 11*p**2 + 13*p + 11. Give q(j).
-1
Let d(j) = 3*j + 2. Let w(g) = 4*g + 1. Let p(f) = -5*d(f) + 4*w(f). Suppose -4*u = 5*a - 17, u - 24 = 3*a - 7. Give p(u).
2
Let m(t) = -t**3 - 3*t**2 + 13. Let d(p) = -p**2 + p - 2. Let k(r) = 4*d(r) + m(r). Calculate k(-7).
-23
Let o(i) = -25 + i + 0*i + 5*i + 20. Determine o(-4).
-29
Let j(k) = 5*k**3 - 12*k**2 + 2*k - 2. Let c(r) = r**3 - 2*r**2. Let m(x) = 6*c(x) - j(x). Calculate m(-2).
-2
Let h(x) = -x**3 - 5*x**2 - x + 3. Let f(z) = z**3 - 3*z**2 + 2*z. Let v be f(2). Suppose v = -7*y + 2*y - 20. Give h(y).
-9
Let t(g) = g - 4*g**2 + 5*g**2 - 31 + 12 + 14. What is t(4)?
15
Let j(b) = b - 401 - 371 + 771. What is j(-17)?
-18
Let z = 0 + -1. Let b(x) = -11*x**3 - 2*x**2 - x. Let h be b(z). Suppose -9*t = -h*t. Let o(d) = d**2 + d + 3. What is o(t)?
3
Let w(j) = 2*j - 1 - 6*j - 1 + 6*j. Let o = -47 + 49. Give w(o).
2
Suppose 5*f = 2*z - 17, 6*z - 3*z = f + 19. Let i(y) = 2*y - 11. Calculate i(z).
1
Let b(p) = -3*p**3 + 3 + 3*p**2 + 2*p**3 + 2*p**3 + 4*p + p**2. Let q be b(-2). Let w(k) = 7*k**3 + 7*k**2 - 4*k + 10*k**q - 18*k**3 - 3. Calculate w(6).
9
Let b(w) be the first derivative of w**4/4 + 2*w**3 + w**2/2 - 2*w - 223. What is b(-5)?
18
Let p(m) = 3*m**2 - 9*m - 2*m**2 + 2 + 6 + 0*m**2. Let f be (0 - -1 - 0)*13. Suppose -f = -2*q + 1. Determine p(q).
-6
Let g be (-130)/(-60) - 2/12. Let v(a) = 4*a - 4*a**2 + 6 + 4*a**2 - g*a**2 + a**2. Give v(5).
1
Let g(k) = 5*k**3 + 3*k**2 - k. Let q be g(1). Let v(d) = 2 + d - 1 + 6 + q*d + d**2. Calculate v(-5).
-8
Let v(k) = -k**3 - 6*k**2 + k + 6. Suppose 3*z - 6*j + 4*j = -16, 0 = 5*z + 4*j + 34. Give v(z).
0
Let y(f) = f**2 - 7*f**3 - 6*f**3 + 21*f**3 - 4 - 4*f - 7*f**3. Let t(p) = 2*p**2 + 12*p + 7. Let c be t(-5). What is y(c)?
-10
Let b(w) = -w**3 + 4*w**2 - w - 4. Let a be b(3). Let c(n) be the second derivative of 0 - 10*n + 7/6*n**3 + 0*n**2. Give c(a).
14
Suppose -4*b - 3*j = 2*j - 2, -4*j - 5 = b. Let a(i) = 3 - 2 + 4 - 6*i**2 + 2*i**b - i - 3*i**3. Calculate a(-6).
11
Let y(i) = 1 + 0*i**2 + 1823*i - i**2 - 1825*i + 8*i**2. Give y(2).
25
Let r(x) = -24*x**2 + 0 + 13*x**2 + 8 + 12*x**2 + 0. Calculate r(7).
57
Let i(c) = -3*c - 2. Suppose 36 - 41 = -m. Determine i(m).
-17
Suppose 2*g - 5*z = -10, 3*g - 7 = -0*g + 2*z. Let k(q) = 81*q**3 - 37*q**3 + 2*q - g*q**2 - 43*q**3. Give k(5).
10
Let b(j) = j - 6. Let i be b(6). Let o(r) be the first derivative of -r**3/3 - 21*r + 1. Determine o(i).
-21
Let i(t) = -t**3 + t**2 - 2*t + 2. Let p be i(-5). Let b(n) = -2*n + 155 - n - p. Determine b(-6).
11
Let h(r) = -11*r + 5. Let m(p) = -6*p + 3. Let w(k) = -3*h(k) + 5*m(k). Suppose 2*i - 1 = -2*o + 5, -o + 3 = -4*i. Suppose -a = -i - 2. What is w(a)?
6
Let c(r) = -r**2 - 4*r + 1. Let n be 1 + -2 + (-5 - -3). Let p(i) = i**2 + 4*i - 1. Let o(u) = 3*u. Let g(z) = n*o(z) + 2*p(z). Let f be g(0). Calculate c(f).
5
Let w(j) = -j**3 - j - 1. Suppose 10*a - 13*a + 12 = 0. Let z(p) = -5*p**3 + p**2 - 5*p - 5. Let l(b) = a*w(b) - z(b). Calculate l(0).
1
Let i = -21 + 37. Let s be i/6 - (-5)/15. Let t(f) = 1 - f**s - 6 + 0 - 7*f**2 - 7*f + 2. Calculate t(-6).
3
Let n(i) = i**3 - 3*i + 1687 + 3*i**2 - 1693 + 2*i + i**2. Determine n(-4).
-2
Suppose 204 = 12*y - 156. Let t = y + -36. Let l(a) = -a**2 - 4*a - 2. Calculate l(t).
-14
Let q(t) = t**2 - 5*t - 11. Let h be q(-2). Let j(s) = -2*s - 2*s**2 + 4*s**3 + 0*s**2 - 3*s**3. Calculate j(h).
3
Let s(n) be the first derivative of n**6/360 + n**5/20 - n**4/4 + n**3/3 - 3. Let g(f) be the third derivative of s(f). Suppose -2*x + 0 = 10. Determine g(x).
-11
Let a(u) be the second derivative of u**3 - 3/2*u**2 + 0 - 1/12*u**4 - 48*u. Let s be (-2)/((-2)/5 - 0). Calculate a(s).
2
Let j = -264 - -270. Let f(i) = i**3 - 4*i**2 - 6*i**2 + 4*i**2. What is f(j)?
0
Let a(p) be the second derivative of p**3/3 - 7*p**2/2 + p. Suppose 0*m - 2*i = 5*m - 29, 0 = -m - 3*i - 2. Determine a(m).
7
Let w(g) = 2*g**2 + 7*g + 5. Let u(f) = 3*f**2 + 8*f + 7. Let n(h) = -3*u(h) + 4*w(h). Let v = -8 - -14. Calculate n(v).
-13
Let v(n) = -n**2 + 2*n + 5 + n - 5*n. Suppose 19 - 51 = 8*q. Calculate v(q).
-3
Let z(x) = 5*x - 1. Let a be z(1). Let f(r) = 19*r**2 + 2*r - 1. Let n be f(1). Let v(b) = 4*b - 7 - 8 + 0*b + n + 3*b**2 - b**3. Determine v(a).
5
Let q(g) be the second derivative of 1/2*g**4 - 5/6*g**3 - 1/20*g**5 + 0*g**2 + g + 0. Let y(b) = -30*b + 215. Let j be y(7). What is q(j)?
0
Let p(v) = -3*v**3 + 2*v**2 + 5*v - 7. Let g(h) = -2*h**3 + h**2 + 2*h - 3. Let y(f) = -7*g(f) + 3*p(f). Calculate y(1).
5
Let c = -5 + 9. Suppose -4*r - 4*l + 16 = 0, -3*r + c = -4*l - 22. Let d(n) = -n**2 + 8*n - 8. Determine d(r).
4
Let o(h) = h**2 - 2*h + 3. Let d be 36/(-96) - 250/16. Let w = 19 + d. Determine o(w).
6
Let f(t) = t**3 + 3*t**2 + 4*t + 6. Let v(b) = -b**2 - b - 1. Let w(q) = f(q) - 6*v(q). Let m be 5/((-40)/28)*(-208)/(-91). Give w(m).
-4
Let r(u) = u**3 - u**2 - u. Let p(g) = 3*g**3 - 3*g**2 - 20*g. Let f(k) = p(k) - 2*r(k). Let a(n) be the second derivative of f(n). Give a(3).
16
Let o(x) = -8*x + 8*x - x - 22*x**2 + 1. Suppose 4 = 9*g - 5. Calculate o(g).
-22
Let m be (-3)/(-4) + 175/(-20). Let n be -2*(0 - (-4)/m). Let g be n*2/(-3)*3. Let v(x) = x**3 + 3*x**2 - 2*x - 3. Give v(g).
5
Let j(o) = 2*o + 2. Let r(u) = -u - 1. Let p(v) = -3*j(v) - 5*r(v). Let m be p(-1). Let k(d) = -d. Determine k(m).
0
Let v be (1 - 12/9)/((-1)/3). Let h(d) = 3*d**3 + 5*d**2 + 8*d - 7. Let o(g) = 3*g**3 + 6*g**2 + 9*g - 8. Let x(a) = -7*h(a) + 6*o(a). Calculate x(v).
-3
Let j be (0 - -44)/((-12)/(-6)). Let q = 24 - j. Let l(k) = 4*k + 4 - k**3 - 10*k**q - 6 + 11*k**2. Determine l(3).
-8
Let a(k) = 66*k**3 + 8*k**2 - 3*k**2 - 67*k**3 - 3 + 6*k**2 + 13*k. Determine a(12).
9
Let u = -1944 + 1939. Let o(f) = 2*f**2 + 12*f + 4. Give o(u).
-6
Let l(n) = -n**2 + 24*n + 79. Let m be l(27). Let f(w) = w**3 + 4*w**2 + 4*w + 4. What is f(m)?
4
Let l(y) be the third derivative of -2*y**5/15 - 3*y**4/8 + y**3/2 + 21*y**2. Let r(h) = 12*h**2 + 14*h - 5. Let p(a) = 8*l(a) + 5*r(a). Determine p(2).
-21
Let y(c) = 11*c - 15. Let j(v) = -2*v + 2. Let n(p) = 6*j(p) + y(p). Give n(11).
-14
Suppose 48 = -2*y + 4*y. Suppose -x = -5*x - y. Let s(l) = l**3 + 6*l**2 - 2*l - 8. What is s(x)?
4
Let b(q) = -5*q**2 + q + 1. Let a(s) be the first derivative of -s**2/2 - s + 6. Let j be a(0). Calculate b(j).
-5
Let k(v) = 51*v**2 + 1 + 158*v - 80*v**2 - 158*v. Calculate k(-1).
-28
Let d(i) = -9*i**3 - 7*i**2 - 22*i - 5. Let k(c) = 13*c**3 + 11*c**2 + 32*c + 7. Let y(r) = 7*d(r) + 5*k(r). Calculate y(-3).
-18
Let g(z) = -9*z**3 - 9*z**2 - 9*z - 8. Let a(q) = -11*q**3 - 8*q**2 - 8*q - 7. Let y(m) = 5*a(m) - 6*g(m). Calculate y(15).
-2
Let l(g) = 4*g + 3 - 4*g + 4*g + g - 2*g. What is l(9)?
30
Let n be 0/(-1)*(-1 - 0)*-1. Let u(m) be the third derivative of 1/8*m**4 + 0*m - 1/6*m**3 + n - 6*m**2. What is u(4)?
11
Let g be ((-12)/(-30))/(1/5). Let j(f) = 4 + 0 - f**3 - 3*f**g + f**2 + 3*f. What is j(-3)?
4
Let c(u) = -2*u**3 + u**2 - 2*u + 9. Let l(k) = 3*k**3 - 3*k**2 + 4*k - 17. Let o(n) = 5*c(n) + 3*l(n). What is o(-5)?
9
Let n(j) = 0*j**3 - 12 + 10*j**2 + 13*j + 0 - j**3 + 1. Determine n(11).
11
Let n(u) be the second derivative of u**5/20 - 7*u**4/12 + u**3/2 + 3*u**2/2 - 41*u. Calculate n(6).
-15
Let b(l) = -l**3 + 7*l**2 - 8*l + 2. Suppose -4*w = 3 + 5, 2*w - 32 = 3*a. Let z be (-1 + 3*(-8)/a)*6. Calculate b(z).
-10
Suppose 0 = -u - 2*u. Let w(c) = -c**3 - c**2 + 2*c - 5. Let y be w(u). Let o(f) be the third derivative of -f**4/8 - 5*f**3